{"id":72735,"date":"2026-04-29T18:50:38","date_gmt":"2026-04-29T16:50:38","guid":{"rendered":"https:\/\/www.autorita-trasporti.it\/?post_type=cpt_com_stampa&#038;p=72735"},"modified":"2026-04-29T18:50:38","modified_gmt":"2026-04-29T16:50:38","slug":"trasporto-marittimo-verso-le-isole-via-libera-al-nuovo-quadro-regolatorio","status":"publish","type":"cpt_com_stampa","link":"https:\/\/www.autorita-trasporti.it\/en\/comunicati-stampa\/trasporto-marittimo-verso-le-isole-via-libera-al-nuovo-quadro-regolatorio\/","title":{"rendered":"Trasporto marittimo verso le isole: via libera al nuovo quadro regolatorio"},"content":{"rendered":"<p><strong>Maggiore trasparenza, apertura del mercato e qualit\u00e0 dei servizi per i passeggeri<\/strong><\/p>\n<hr \/>\n<p><em>Roma, 29\/04\/2026<\/em> \u2013 Il Consiglio dell\u2019Autorit\u00e0 ha approvato la <a href=\"https:\/\/www.autorita-trasporti.it\/delibere\/delibera-n-59-2026\/\">delibera n. 59\/2026<\/a> riguardante le misure regolatorie relative agli affidamenti di servizi di cabotaggio marittimo e alle attivit\u00e0 a essi propedeutiche.<\/p>\n<p>Le misure adottate introducono elementi di novit\u00e0 nelle procedure di affidamento del servizio e rafforzano le attivit\u00e0 di monitoraggio e vigilanza da parte dell\u2019Autorit\u00e0 su tutto il processo.<\/p>\n<p>Il provvedimento recepisce anche le osservazioni formulate dagli stakeholder in sede di consultazione pubblica conclusasi a gennaio 2026, e completa la revisione del quadro regolatorio di settore avviato nel 2025 (delibera n. 169\/2025).<\/p>\n<p>L\u2019intervento \u00e8 finalizzato ad incrementare la contendibilit\u00e0 delle gare per l\u2019affidamento dei servizi di trasporto marittimo da e verso le isole (collegamenti terraferma\u2013isole e interinsulari), a garantire maggiore trasparenza degli affidamenti attraverso una pi\u00f9 ampia disponibilit\u00e0 dei dati relativi alle concessioni e a rendere il settore pi\u00f9 attrattivo per gli operatori di mercato.<\/p>\n<p><em>\u201cGare trasparenti e ben strutturate <\/em>\u2013 ha dichiarato Nicola Zaccheo, Presidente Art \u2013 <em>favoriscono l\u2019apertura del mercato, l\u2019innalzamento della qualit\u00e0 dei servizi offerti ai passeggeri e una pi\u00f9 efficace tutela dei loro diritti\u201d.<\/em><\/p>\n<hr \/>\n<p><em><strong>Contatti<\/strong><\/em><\/p>\n<p><strong>Ufficio Stampa ART<\/strong><br \/>\n<strong>Loredana Leccese \u2013 Portavoce del Presidente<\/strong><br \/>\n<strong><a href=\"mailto:l.leccese@autorita-trasporti.it\">l.leccese@autorita-trasporti.it<\/a> <\/strong><br \/>\n<strong>+39 348 0482204<\/strong><\/p>\n","protected":false},"featured_media":0,"template":"","meta":{"_acf_changed":false},"taxonomy_anno":[549],"taxonomy_categoria":[220,225],"taxonomy_settore":[214],"taxonomy_tag_cloud":[352,348,343,354,347,358,349,353,340,344,357,359],"acf":[],"_links":{"self":[{"href":"https:\/\/www.autorita-trasporti.it\/en\/wp-json\/wp\/v2\/cpt_com_stampa\/72735"}],"collection":[{"href":"https:\/\/www.autorita-trasporti.it\/en\/wp-json\/wp\/v2\/cpt_com_stampa"}],"about":[{"href":"https:\/\/www.autorita-trasporti.it\/en\/wp-json\/wp\/v2\/types\/cpt_com_stampa"}],"version-history":[{"count":2,"href":"https:\/\/www.autorita-trasporti.it\/en\/wp-json\/wp\/v2\/cpt_com_stampa\/72735\/revisions"}],"predecessor-version":[{"id":72737,"href":"https:\/\/www.autorita-trasporti.it\/en\/wp-json\/wp\/v2\/cpt_com_stampa\/72735\/revisions\/72737"}],"wp:attachment":[{"href":"https:\/\/www.autorita-trasporti.it\/en\/wp-json\/wp\/v2\/media?parent=72735"}],"wp:term":[{"taxonomy":"taxonomy_anno","embeddable":true,"href":"https:\/\/www.autorita-trasporti.it\/en\/wp-json\/wp\/v2\/taxonomy_anno?post=72735"},{"taxonomy":"taxonomy_categoria","embeddable":true,"href":"https:\/\/www.autorita-trasporti.it\/en\/wp-json\/wp\/v2\/taxonomy_categoria?post=72735"},{"taxonomy":"taxonomy_settore","embeddable":true,"href":"https:\/\/www.autorita-trasporti.it\/en\/wp-json\/wp\/v2\/taxonomy_settore?post=72735"},{"taxonomy":"taxonomy_tag_cloud","embeddable":true,"href":"https:\/\/www.autorita-trasporti.it\/en\/wp-json\/wp\/v2\/taxonomy_tag_cloud?post=72735"}],"curies":[{"name":"wp","href":"https:\/\/api.w.org\/{rel}","templated":true}]}}

<p><strong>Maggiore trasparenza, apertura del mercato e qualità dei servizi per i passeggeri</strong></p>
<hr />
<p><em>Roma, 29/04/2026</em> – Il Consiglio dell’Autorità ha approvato la <a href="https://www.autorita-trasporti.it/delibere/delibera-n-59-2026/">delibera n. 59/2026</a> riguardante le misure regolatorie relative agli affidamenti di servizi di cabotaggio marittimo e alle attività a essi propedeutiche.</p>
<p>Le misure adottate introducono elementi di novità nelle procedure di affidamento del servizio e rafforzano le attività di monitoraggio e vigilanza da parte dell’Autorità su tutto il processo.</p>
<p>Il provvedimento recepisce anche le osservazioni formulate dagli stakeholder in sede di consultazione pubblica conclusasi a gennaio 2026, e completa la revisione del quadro regolatorio di settore avviato nel 2025 (delibera n. 169/2025).</p>
<p>L’intervento è finalizzato ad incrementare la contendibilità delle gare per l’affidamento dei servizi di trasporto marittimo da e verso le isole (collegamenti terraferma–isole e interinsulari), a garantire maggiore trasparenza degli affidamenti attraverso una più ampia disponibilità dei dati relativi alle concessioni e a rendere il settore più attrattivo per gli operatori di mercato.</p>
<p><em>“Gare trasparenti e ben strutturate </em>– ha dichiarato Nicola Zaccheo, Presidente Art – <em>favoriscono l’apertura del mercato, l’innalzamento della qualità dei servizi offerti ai passeggeri e una più efficace tutela dei loro diritti”.</em></p>
<hr />
<p><em><strong>Contatti</strong></em></p>
<p><strong>Ufficio Stampa ART</strong><br />
<strong>Loredana Leccese – Portavoce del Presidente</strong><br />
<strong><a href="mailto:l.leccese@autorita-trasporti.it">l.leccese@autorita-trasporti.it</a> </strong><br />
<strong>+39 348 0482204</strong></p>
